{"id":2,"date":"2021-06-20T14:08:37","date_gmt":"2021-06-20T12:08:37","guid":{"rendered":"http:\/\/giterelaislacroixblanche.fr\/?page_id=2"},"modified":"2022-02-06T19:06:57","modified_gmt":"2022-02-06T18:06:57","slug":"page-d-exemple","status":"publish","type":"page","link":"https:\/\/giterelaislacroixblanche.fr\/index.php\/page-d-exemple\/","title":{"rendered":"Mes adresses"},"content":{"rendered":"\t\t<div data-elementor-type=\"wp-page\" data-elementor-id=\"2\" class=\"elementor elementor-2\">\n\t\t\t\t\t\t<section class=\"elementor-section elementor-top-section elementor-element elementor-element-61658bb1 elementor-section-boxed elementor-section-height-default elementor-section-height-default\" data-id=\"61658bb1\" data-element_type=\"section\" data-e-type=\"section\">\n\t\t\t\t\t\t<div class=\"elementor-container elementor-column-gap-default\">\n\t\t\t\t\t<div class=\"elementor-column elementor-col-100 elementor-top-column elementor-element elementor-element-5987bdb5\" data-id=\"5987bdb5\" data-element_type=\"column\" data-e-type=\"column\">\n\t\t\t<div class=\"elementor-widget-wrap elementor-element-populated\">\n\t\t\t\t\t\t<div class=\"elementor-element elementor-element-2822d9a7 elementor-widget elementor-widget-text-editor\" data-id=\"2822d9a7\" data-element_type=\"widget\" data-e-type=\"widget\" data-widget_type=\"text-editor.default\">\n\t\t\t\t<div class=\"elementor-widget-container\">\n\t\t\t\t\t\t\t\t\t<ul><li>Pour pr\u00e9parer votre s\u00e9jour en Normandie, rejoignez le groupe : <a href=\"https:\/\/www.facebook.com\/search\/top\/?q=Nos%20photos%20%3A%20Sites%20et%20Paysages%20de%20Normandie\" target=\"_blank\" rel=\"noopener\">Nos photos : Sites et Paysages de Normandie<\/a>\u00a0 Cela vous donnera plein d&rsquo;id\u00e9es de visites<\/li><li>Nous recommandons Karen Cr\u00e9ation, du Calvados, qui vous proposera :\u00a0<a href=\"https:\/\/saponette.fr\/fr\/\">Savons, beurre corporel, lessive, etc&#8230; (Plus d&#8217;emballage plastique, directement du fabricant au consommateur! et \u00e9videmment sans huile de palme!)<\/a><\/li><li>\u00a0Dans le Calvados, (en Normandie), vous pourrez trouver un autre g\u00eete : <a href=\"https:\/\/www.airbnb.fr\/rooms\/20974091?guests=1&amp;adults=6&amp;s=2&amp;unique_share_id=cbf7ae23-68e0-4993-a886-d5b2b9df8a52&amp;source_impression_id=p3_1627642739_YFFFEWFCFPN2wiEX\">La Petite Maison \u00e0 la Vacquerie (14) pr\u00e8s de Caumont-sur-Aure<\/a><\/li><li>Dans le 17, en Charente-Maritime, \u00e0 Saint-Jean d&rsquo;Angely, je vous recommande :\u00a0<a href=\"https:\/\/www.airbnb.fr\/saint-jean-dangely-france\/stays\" target=\"_blank\" rel=\"noopener\">Chez Jos &amp; Phil<\/a><\/li><li>Dans le 19, en Corr\u00e8ze, \u00e0 Mestes, je vous recommande :\u00a0<a href=\"https:\/\/www.homecamper.fr\/land\/27857?fbclid=IwAR3tA28MVVNdKh5IAXC7ebhetZTAfVtt-qz3hJUZJL5nd1rN2-KDwIpmrx0\" target=\"_blank\" rel=\"noopener\">Camping chez l&rsquo;habitant, chez Fred et Caro<\/a><\/li><li>Dans le 45, dans le Loiret, \u00e0 St Maurice Sur Aveyron, je vous recommande :\u00a0<a href=\"https:\/\/www.emmamassages.fr\/\" target=\"_blank\" rel=\"noopener\">Emma massage intuitif<\/a><\/li><li>Dans le 12\u00e8me arrondissement de Paris, je vous conseille le restaurant Cor\u00e9en et Chinois <a href=\"https:\/\/www.thefork.fr\/restaurant\/heng-yuan-r61313\" target=\"_blank\" rel=\"noopener\">Heng Yuan<\/a> un d\u00e9lice pour les papilles, un service aux petits soins, des produits frais, Madame vous accueille, et Monsieur est en cuisine.<\/li><li>\u00e0 Paris, proche de la Gare de Lyon, je vous recommande :\u00a0<a href=\"https:\/\/www.ihg.com\/holidayinn\/hotels\/us\/en\/paris\/parba\/hoteldetail\" target=\"_blank\" rel=\"noopener\">Holidayinn Route de Lyon Paris 12\u00e8me<\/a> , vous y serez bien re\u00e7u, le personnel est \u00e0 l&rsquo;\u00e9coute. Seul b\u00e9mol, il n&rsquo;y a pas de parking, mais il y en a plusieurs \u00e0 proximit\u00e9.\u00a0<\/li><\/ul>\t\t\t\t\t\t\t\t<\/div>\n\t\t\t\t<\/div>\n\t\t\t\t\t<\/div>\n\t\t<\/div>\n\t\t\t\t\t<\/div>\n\t\t<\/section>\n\t\t\t\t<\/div>\n\t\t","protected":false},"excerpt":{"rendered":"<p>Pour pr\u00e9parer votre s\u00e9jour en Normandie, rejoignez le groupe : Nos photos : Sites et Paysages de Normandie\u00a0 Cela vous donnera plein d&rsquo;id\u00e9es de visites Nous recommandons Karen Cr\u00e9ation, du Calvados, qui vous proposera :\u00a0Savons, beurre corporel, lessive, etc&#8230; (Plus d&#8217;emballage plastique, directement du fabricant au consommateur! et \u00e9videmment sans huile de palme!) \u00a0Dans le [&hellip;]<\/p>\n","protected":false},"author":1,"featured_media":0,"parent":0,"menu_order":0,"comment_status":"closed","ping_status":"closed","template":"","meta":{"ocean_post_layout":"","ocean_both_sidebars_style":"","ocean_both_sidebars_content_width":0,"ocean_both_sidebars_sidebars_width":0,"ocean_sidebar":"0","ocean_second_sidebar":"0","ocean_disable_margins":"enable","ocean_add_body_class":"","ocean_shortcode_before_top_bar":"","ocean_shortcode_after_top_bar":"","ocean_shortcode_before_header":"","ocean_shortcode_after_header":"","ocean_has_shortcode":"","ocean_shortcode_after_title":"","ocean_shortcode_before_footer_widgets":"","ocean_shortcode_after_footer_widgets":"","ocean_shortcode_before_footer_bottom":"","ocean_shortcode_after_footer_bottom":"","ocean_display_top_bar":"default","ocean_display_header":"default","ocean_header_style":"","ocean_center_header_left_menu":"0","ocean_custom_header_template":"0","ocean_custom_logo":0,"ocean_custom_retina_logo":0,"ocean_custom_logo_max_width":0,"ocean_custom_logo_tablet_max_width":0,"ocean_custom_logo_mobile_max_width":0,"ocean_custom_logo_max_height":0,"ocean_custom_logo_tablet_max_height":0,"ocean_custom_logo_mobile_max_height":0,"ocean_header_custom_menu":"0","ocean_menu_typo_font_family":"0","ocean_menu_typo_font_subset":"","ocean_menu_typo_font_size":0,"ocean_menu_typo_font_size_tablet":0,"ocean_menu_typo_font_size_mobile":0,"ocean_menu_typo_font_size_unit":"px","ocean_menu_typo_font_weight":"","ocean_menu_typo_font_weight_tablet":"","ocean_menu_typo_font_weight_mobile":"","ocean_menu_typo_transform":"","ocean_menu_typo_transform_tablet":"","ocean_menu_typo_transform_mobile":"","ocean_menu_typo_line_height":0,"ocean_menu_typo_line_height_tablet":0,"ocean_menu_typo_line_height_mobile":0,"ocean_menu_typo_line_height_unit":"","ocean_menu_typo_spacing":0,"ocean_menu_typo_spacing_tablet":0,"ocean_menu_typo_spacing_mobile":0,"ocean_menu_typo_spacing_unit":"","ocean_menu_link_color":"","ocean_menu_link_color_hover":"","ocean_menu_link_color_active":"","ocean_menu_link_background":"","ocean_menu_link_hover_background":"","ocean_menu_link_active_background":"","ocean_menu_social_links_bg":"","ocean_menu_social_hover_links_bg":"","ocean_menu_social_links_color":"","ocean_menu_social_hover_links_color":"","ocean_disable_title":"default","ocean_disable_heading":"default","ocean_post_title":"","ocean_post_subheading":"","ocean_post_title_style":"","ocean_post_title_background_color":"","ocean_post_title_background":0,"ocean_post_title_bg_image_position":"","ocean_post_title_bg_image_attachment":"","ocean_post_title_bg_image_repeat":"","ocean_post_title_bg_image_size":"","ocean_post_title_height":0,"ocean_post_title_bg_overlay":0.5,"ocean_post_title_bg_overlay_color":"","ocean_disable_breadcrumbs":"default","ocean_breadcrumbs_color":"","ocean_breadcrumbs_separator_color":"","ocean_breadcrumbs_links_color":"","ocean_breadcrumbs_links_hover_color":"","ocean_display_footer_widgets":"default","ocean_display_footer_bottom":"default","ocean_custom_footer_template":"0","footnotes":""},"class_list":["post-2","page","type-page","status-publish","hentry","entry"],"yoast_head":"<!-- This site is optimized with the Yoast SEO plugin v26.8 - https:\/\/yoast.com\/product\/yoast-seo-wordpress\/ -->\n<title>Mes adresses - G\u00eete Le Relais de la Croix Blanche<\/title>\n<meta name=\"robots\" content=\"index, follow, max-snippet:-1, max-image-preview:large, max-video-preview:-1\" \/>\n<link rel=\"canonical\" href=\"https:\/\/giterelaislacroixblanche.fr\/index.php\/page-d-exemple\/\" \/>\n<meta property=\"og:locale\" content=\"fr_FR\" \/>\n<meta property=\"og:type\" content=\"article\" \/>\n<meta property=\"og:title\" content=\"Mes adresses - G\u00eete Le Relais de la Croix Blanche\" \/>\n<meta property=\"og:description\" content=\"Pour pr\u00e9parer votre s\u00e9jour en Normandie, rejoignez le groupe : Nos photos : Sites et Paysages de Normandie\u00a0 Cela vous donnera plein d&rsquo;id\u00e9es de visites Nous recommandons Karen Cr\u00e9ation, du Calvados, qui vous proposera :\u00a0Savons, beurre corporel, lessive, etc&#8230; (Plus d&#8217;emballage plastique, directement du fabricant au consommateur! et \u00e9videmment sans huile de palme!) \u00a0Dans le [&hellip;]\" \/>\n<meta property=\"og:url\" content=\"https:\/\/giterelaislacroixblanche.fr\/index.php\/page-d-exemple\/\" \/>\n<meta property=\"og:site_name\" content=\"G\u00eete Le Relais de la Croix Blanche\" \/>\n<meta property=\"article:modified_time\" content=\"2022-02-06T18:06:57+00:00\" \/>\n<meta name=\"twitter:card\" content=\"summary_large_image\" \/>\n<meta name=\"twitter:label1\" content=\"Dur\u00e9e de lecture estim\u00e9e\" \/>\n\t<meta name=\"twitter:data1\" content=\"1 minute\" \/>\n<script type=\"application\/ld+json\" class=\"yoast-schema-graph\">{\"@context\":\"https:\/\/schema.org\",\"@graph\":[{\"@type\":\"WebPage\",\"@id\":\"https:\/\/giterelaislacroixblanche.fr\/index.php\/page-d-exemple\/\",\"url\":\"https:\/\/giterelaislacroixblanche.fr\/index.php\/page-d-exemple\/\",\"name\":\"Mes adresses - G\u00eete Le Relais de la Croix Blanche\",\"isPartOf\":{\"@id\":\"https:\/\/giterelaislacroixblanche.fr\/#website\"},\"datePublished\":\"2021-06-20T12:08:37+00:00\",\"dateModified\":\"2022-02-06T18:06:57+00:00\",\"breadcrumb\":{\"@id\":\"https:\/\/giterelaislacroixblanche.fr\/index.php\/page-d-exemple\/#breadcrumb\"},\"inLanguage\":\"fr-FR\",\"potentialAction\":[{\"@type\":\"ReadAction\",\"target\":[\"https:\/\/giterelaislacroixblanche.fr\/index.php\/page-d-exemple\/\"]}]},{\"@type\":\"BreadcrumbList\",\"@id\":\"https:\/\/giterelaislacroixblanche.fr\/index.php\/page-d-exemple\/#breadcrumb\",\"itemListElement\":[{\"@type\":\"ListItem\",\"position\":1,\"name\":\"Accueil\",\"item\":\"https:\/\/giterelaislacroixblanche.fr\/\"},{\"@type\":\"ListItem\",\"position\":2,\"name\":\"Mes adresses\"}]},{\"@type\":\"WebSite\",\"@id\":\"https:\/\/giterelaislacroixblanche.fr\/#website\",\"url\":\"https:\/\/giterelaislacroixblanche.fr\/\",\"name\":\"G\u00eete Le Relais de la Croix Blanche\",\"description\":\"S\u00e9jours en Normandie\",\"publisher\":{\"@id\":\"https:\/\/giterelaislacroixblanche.fr\/#\/schema\/person\/73707193046225926a13feedf8dcaed1\"},\"potentialAction\":[{\"@type\":\"SearchAction\",\"target\":{\"@type\":\"EntryPoint\",\"urlTemplate\":\"https:\/\/giterelaislacroixblanche.fr\/?s={search_term_string}\"},\"query-input\":{\"@type\":\"PropertyValueSpecification\",\"valueRequired\":true,\"valueName\":\"search_term_string\"}}],\"inLanguage\":\"fr-FR\"},{\"@type\":[\"Person\",\"Organization\"],\"@id\":\"https:\/\/giterelaislacroixblanche.fr\/#\/schema\/person\/73707193046225926a13feedf8dcaed1\",\"name\":\"admin3672\",\"image\":{\"@type\":\"ImageObject\",\"inLanguage\":\"fr-FR\",\"@id\":\"https:\/\/giterelaislacroixblanche.fr\/#\/schema\/person\/image\/\",\"url\":\"https:\/\/secure.gravatar.com\/avatar\/d31b16a8808e14da55e5e521be47f33b?s=96&d=mm&r=g\",\"contentUrl\":\"https:\/\/secure.gravatar.com\/avatar\/d31b16a8808e14da55e5e521be47f33b?s=96&d=mm&r=g\",\"caption\":\"admin3672\"},\"logo\":{\"@id\":\"https:\/\/giterelaislacroixblanche.fr\/#\/schema\/person\/image\/\"},\"sameAs\":[\"http:\/\/giterelaislacroixblanche.fr\"]}]}<\/script>\n<!-- \/ Yoast SEO plugin. -->","yoast_head_json":{"title":"Mes adresses - G\u00eete Le Relais de la Croix Blanche","robots":{"index":"index","follow":"follow","max-snippet":"max-snippet:-1","max-image-preview":"max-image-preview:large","max-video-preview":"max-video-preview:-1"},"canonical":"https:\/\/giterelaislacroixblanche.fr\/index.php\/page-d-exemple\/","og_locale":"fr_FR","og_type":"article","og_title":"Mes adresses - G\u00eete Le Relais de la Croix Blanche","og_description":"Pour pr\u00e9parer votre s\u00e9jour en Normandie, rejoignez le groupe : Nos photos : Sites et Paysages de Normandie\u00a0 Cela vous donnera plein d&rsquo;id\u00e9es de visites Nous recommandons Karen Cr\u00e9ation, du Calvados, qui vous proposera :\u00a0Savons, beurre corporel, lessive, etc&#8230; (Plus d&#8217;emballage plastique, directement du fabricant au consommateur! et \u00e9videmment sans huile de palme!) \u00a0Dans le [&hellip;]","og_url":"https:\/\/giterelaislacroixblanche.fr\/index.php\/page-d-exemple\/","og_site_name":"G\u00eete Le Relais de la Croix Blanche","article_modified_time":"2022-02-06T18:06:57+00:00","twitter_card":"summary_large_image","twitter_misc":{"Dur\u00e9e de lecture estim\u00e9e":"1 minute"},"schema":{"@context":"https:\/\/schema.org","@graph":[{"@type":"WebPage","@id":"https:\/\/giterelaislacroixblanche.fr\/index.php\/page-d-exemple\/","url":"https:\/\/giterelaislacroixblanche.fr\/index.php\/page-d-exemple\/","name":"Mes adresses - G\u00eete Le Relais de la Croix Blanche","isPartOf":{"@id":"https:\/\/giterelaislacroixblanche.fr\/#website"},"datePublished":"2021-06-20T12:08:37+00:00","dateModified":"2022-02-06T18:06:57+00:00","breadcrumb":{"@id":"https:\/\/giterelaislacroixblanche.fr\/index.php\/page-d-exemple\/#breadcrumb"},"inLanguage":"fr-FR","potentialAction":[{"@type":"ReadAction","target":["https:\/\/giterelaislacroixblanche.fr\/index.php\/page-d-exemple\/"]}]},{"@type":"BreadcrumbList","@id":"https:\/\/giterelaislacroixblanche.fr\/index.php\/page-d-exemple\/#breadcrumb","itemListElement":[{"@type":"ListItem","position":1,"name":"Accueil","item":"https:\/\/giterelaislacroixblanche.fr\/"},{"@type":"ListItem","position":2,"name":"Mes adresses"}]},{"@type":"WebSite","@id":"https:\/\/giterelaislacroixblanche.fr\/#website","url":"https:\/\/giterelaislacroixblanche.fr\/","name":"G\u00eete Le Relais de la Croix Blanche","description":"S\u00e9jours en Normandie","publisher":{"@id":"https:\/\/giterelaislacroixblanche.fr\/#\/schema\/person\/73707193046225926a13feedf8dcaed1"},"potentialAction":[{"@type":"SearchAction","target":{"@type":"EntryPoint","urlTemplate":"https:\/\/giterelaislacroixblanche.fr\/?s={search_term_string}"},"query-input":{"@type":"PropertyValueSpecification","valueRequired":true,"valueName":"search_term_string"}}],"inLanguage":"fr-FR"},{"@type":["Person","Organization"],"@id":"https:\/\/giterelaislacroixblanche.fr\/#\/schema\/person\/73707193046225926a13feedf8dcaed1","name":"admin3672","image":{"@type":"ImageObject","inLanguage":"fr-FR","@id":"https:\/\/giterelaislacroixblanche.fr\/#\/schema\/person\/image\/","url":"https:\/\/secure.gravatar.com\/avatar\/d31b16a8808e14da55e5e521be47f33b?s=96&d=mm&r=g","contentUrl":"https:\/\/secure.gravatar.com\/avatar\/d31b16a8808e14da55e5e521be47f33b?s=96&d=mm&r=g","caption":"admin3672"},"logo":{"@id":"https:\/\/giterelaislacroixblanche.fr\/#\/schema\/person\/image\/"},"sameAs":["http:\/\/giterelaislacroixblanche.fr"]}]}},"_links":{"self":[{"href":"https:\/\/giterelaislacroixblanche.fr\/index.php\/wp-json\/wp\/v2\/pages\/2","targetHints":{"allow":["GET"]}}],"collection":[{"href":"https:\/\/giterelaislacroixblanche.fr\/index.php\/wp-json\/wp\/v2\/pages"}],"about":[{"href":"https:\/\/giterelaislacroixblanche.fr\/index.php\/wp-json\/wp\/v2\/types\/page"}],"author":[{"embeddable":true,"href":"https:\/\/giterelaislacroixblanche.fr\/index.php\/wp-json\/wp\/v2\/users\/1"}],"replies":[{"embeddable":true,"href":"https:\/\/giterelaislacroixblanche.fr\/index.php\/wp-json\/wp\/v2\/comments?post=2"}],"version-history":[{"count":42,"href":"https:\/\/giterelaislacroixblanche.fr\/index.php\/wp-json\/wp\/v2\/pages\/2\/revisions"}],"predecessor-version":[{"id":465,"href":"https:\/\/giterelaislacroixblanche.fr\/index.php\/wp-json\/wp\/v2\/pages\/2\/revisions\/465"}],"wp:attachment":[{"href":"https:\/\/giterelaislacroixblanche.fr\/index.php\/wp-json\/wp\/v2\/media?parent=2"}],"curies":[{"name":"wp","href":"https:\/\/api.w.org\/{rel}","templated":true}]}}