{"id":150,"date":"2021-06-21T10:18:48","date_gmt":"2021-06-21T08:18:48","guid":{"rendered":"http:\/\/giterelaislacroixblanche.fr\/?page_id=150"},"modified":"2021-07-06T17:44:49","modified_gmt":"2021-07-06T15:44:49","slug":"descriptif","status":"publish","type":"page","link":"https:\/\/giterelaislacroixblanche.fr\/index.php\/descriptif\/","title":{"rendered":"Aux alentours"},"content":{"rendered":"\t\t<div data-elementor-type=\"wp-page\" data-elementor-id=\"150\" class=\"elementor elementor-150\">\n\t\t\t\t\t\t<section class=\"elementor-section elementor-top-section elementor-element elementor-element-b1c6442 elementor-section-boxed elementor-section-height-default elementor-section-height-default\" data-id=\"b1c6442\" data-element_type=\"section\" data-e-type=\"section\">\n\t\t\t\t\t\t<div class=\"elementor-container elementor-column-gap-default\">\n\t\t\t\t\t<div class=\"elementor-column elementor-col-100 elementor-top-column elementor-element elementor-element-0e3fc6e\" data-id=\"0e3fc6e\" data-element_type=\"column\" data-e-type=\"column\">\n\t\t\t<div class=\"elementor-widget-wrap elementor-element-populated\">\n\t\t\t\t\t\t<div class=\"elementor-element elementor-element-8494de7 elementor-widget elementor-widget-text-editor\" data-id=\"8494de7\" data-element_type=\"widget\" data-e-type=\"widget\" data-widget_type=\"text-editor.default\">\n\t\t\t\t<div class=\"elementor-widget-container\">\n\t\t\t\t\t\t\t\t\t<p>Le Relais de la Croix Blanche est situ\u00e9 sur la commune de Saint Germain d&rsquo;Elle, village au coeur de la Normandie.<\/p><p>Cette commune rurale a \u00e9t\u00e9 la sc\u00e8ne de violents affrontements en juin et juillet 1944, entre les troupes allemandes et am\u00e9ricaines. Plusieurs b\u00e2timents ont \u00e9t\u00e9 d\u00e9truits ou endommag\u00e9s, dont le Relais.\u00a0<\/p><p>Le\u00a0<time class=\"nowrap\" datetime=\"2009-05-14\" data-sort-value=\"2009-05-14\">14 mai 2009<\/time>, des travaux pr\u00e8s de la mairie mettent au jour le corps d&rsquo;un soldat am\u00e9ricain de la 2\u00e8me division d&rsquo;infanterie, John Simonetti, tu\u00e9 le <time class=\"nowrap\" datetime=\"1944-06-16\" data-sort-value=\"1944-06-16\">16 juin 1944<\/time>. Exhum\u00e9 et rapatri\u00e9, un m\u00e9morial est \u00e9rig\u00e9 \u00e0 l&rsquo;endroit de sa d\u00e9couverte.<\/p>\t\t\t\t\t\t\t\t<\/div>\n\t\t\t\t<\/div>\n\t\t\t\t\t<\/div>\n\t\t<\/div>\n\t\t\t\t\t<\/div>\n\t\t<\/section>\n\t\t\t\t<section class=\"elementor-section elementor-top-section elementor-element elementor-element-3da8539 elementor-section-boxed elementor-section-height-default elementor-section-height-default\" data-id=\"3da8539\" data-element_type=\"section\" data-e-type=\"section\">\n\t\t\t\t\t\t<div class=\"elementor-container elementor-column-gap-default\">\n\t\t\t\t\t<div class=\"elementor-column elementor-col-50 elementor-top-column elementor-element elementor-element-a1f0ef3\" data-id=\"a1f0ef3\" data-element_type=\"column\" data-e-type=\"column\">\n\t\t\t<div class=\"elementor-widget-wrap elementor-element-populated\">\n\t\t\t\t\t\t<div class=\"elementor-element elementor-element-99fa2ad elementor-widget elementor-widget-image\" data-id=\"99fa2ad\" data-element_type=\"widget\" data-e-type=\"widget\" data-widget_type=\"image.default\">\n\t\t\t\t<div class=\"elementor-widget-container\">\n\t\t\t\t\t\t\t\t\t\t\t\t\t\t\t<img fetchpriority=\"high\" decoding=\"async\" width=\"1024\" height=\"424\" src=\"https:\/\/giterelaislacroixblanche.fr\/wp-content\/uploads\/2021\/06\/Saint-Germain-dElle-1024x424.jpg\" class=\"attachment-large size-large wp-image-152\" alt=\"saint germain d&#039;elle vacances en Normandie \u00e0 la campagne plages du d\u00e9barquement location saisonni\u00e8re\" srcset=\"https:\/\/giterelaislacroixblanche.fr\/wp-content\/uploads\/2021\/06\/Saint-Germain-dElle-1024x424.jpg 1024w, https:\/\/giterelaislacroixblanche.fr\/wp-content\/uploads\/2021\/06\/Saint-Germain-dElle-300x124.jpg 300w, https:\/\/giterelaislacroixblanche.fr\/wp-content\/uploads\/2021\/06\/Saint-Germain-dElle-768x318.jpg 768w, https:\/\/giterelaislacroixblanche.fr\/wp-content\/uploads\/2021\/06\/Saint-Germain-dElle-1320x546.jpg 1320w, https:\/\/giterelaislacroixblanche.fr\/wp-content\/uploads\/2021\/06\/Saint-Germain-dElle.jpg 1430w\" sizes=\"(max-width: 1024px) 100vw, 1024px\" \/>\t\t\t\t\t\t\t\t\t\t\t\t\t\t\t<\/div>\n\t\t\t\t<\/div>\n\t\t\t\t<div class=\"elementor-element elementor-element-22c166a elementor-widget elementor-widget-text-editor\" data-id=\"22c166a\" data-element_type=\"widget\" data-e-type=\"widget\" data-widget_type=\"text-editor.default\">\n\t\t\t\t<div class=\"elementor-widget-container\">\n\t\t\t\t\t\t\t\t\t<p><a href=\"http:\/\/www.saintgermaindelle.com\/\" target=\"_blank\" rel=\"noopener\">Saint Germain d&rsquo;Elle<\/a><\/p><p><a href=\"https:\/\/fr.wikipedia.org\/wiki\/2e_division_d%27infanterie_(%C3%89tats-Unis)\" target=\"_blank\" rel=\"noopener\">2\u00e8me division d&rsquo;infanterie Indian Head<\/a><\/p>\t\t\t\t\t\t\t\t<\/div>\n\t\t\t\t<\/div>\n\t\t\t\t\t<\/div>\n\t\t<\/div>\n\t\t\t\t<div class=\"elementor-column elementor-col-50 elementor-top-column elementor-element elementor-element-562ca79\" data-id=\"562ca79\" data-element_type=\"column\" data-e-type=\"column\">\n\t\t\t<div class=\"elementor-widget-wrap elementor-element-populated\">\n\t\t\t\t\t\t<div class=\"elementor-element elementor-element-3332677 elementor-widget elementor-widget-image\" data-id=\"3332677\" data-element_type=\"widget\" data-e-type=\"widget\" data-widget_type=\"image.default\">\n\t\t\t\t<div class=\"elementor-widget-container\">\n\t\t\t\t\t\t\t\t\t\t\t\t\t\t\t<img decoding=\"async\" width=\"618\" height=\"645\" src=\"https:\/\/giterelaislacroixblanche.fr\/wp-content\/uploads\/2021\/06\/commemoration-saint-germain-delle.jpg\" class=\"attachment-large size-large wp-image-153\" alt=\"\" srcset=\"https:\/\/giterelaislacroixblanche.fr\/wp-content\/uploads\/2021\/06\/commemoration-saint-germain-delle.jpg 618w, https:\/\/giterelaislacroixblanche.fr\/wp-content\/uploads\/2021\/06\/commemoration-saint-germain-delle-287x300.jpg 287w\" sizes=\"(max-width: 618px) 100vw, 618px\" \/>\t\t\t\t\t\t\t\t\t\t\t\t\t\t\t<\/div>\n\t\t\t\t<\/div>\n\t\t\t\t\t<\/div>\n\t\t<\/div>\n\t\t\t\t\t<\/div>\n\t\t<\/section>\n\t\t\t\t<section class=\"elementor-section elementor-top-section elementor-element elementor-element-c5f2c3a elementor-section-boxed elementor-section-height-default elementor-section-height-default\" data-id=\"c5f2c3a\" data-element_type=\"section\" data-e-type=\"section\">\n\t\t\t\t\t\t<div class=\"elementor-container elementor-column-gap-default\">\n\t\t\t\t\t<div class=\"elementor-column elementor-col-50 elementor-top-column elementor-element elementor-element-bbddcdb\" data-id=\"bbddcdb\" data-element_type=\"column\" data-e-type=\"column\">\n\t\t\t<div class=\"elementor-widget-wrap elementor-element-populated\">\n\t\t\t\t\t\t<div class=\"elementor-element elementor-element-a7b0543 elementor-widget elementor-widget-text-editor\" data-id=\"a7b0543\" data-element_type=\"widget\" data-e-type=\"widget\" data-widget_type=\"text-editor.default\">\n\t\t\t\t<div class=\"elementor-widget-container\">\n\t\t\t\t\t\t\t\t\t<p>Saint Germain d&rsquo;Elle fait partie de l&rsquo;agglom\u00e9ration de Saint-L\u00f4, pr\u00e9fecture de la Manche, mais aussi capitale du cheval de sport, et surtout ville de m\u00e9moire et d&rsquo;histoire.<\/p><p><a href=\"https:\/\/saint-lo.maville.com\/actu\/actudet_-saint-lo-a-la-decouverte-des-dix-sites-incontournables-la-ville-prefecture-de-la-manche_10-4263527_actu.Htm\" target=\"_blank\" rel=\"noopener\">10 lieux \u00e0 visiter \u00e0 Saint-L\u00f4<\/a><\/p><p><a href=\"https:\/\/www.saint-lo.fr\/decouvrir-bouger\/decouvrir-la-ville\/patrimoine\" target=\"_blank\" rel=\"noopener\">Saint-L\u00f4 site de la Mairie<\/a><\/p>\t\t\t\t\t\t\t\t<\/div>\n\t\t\t\t<\/div>\n\t\t\t\t\t<\/div>\n\t\t<\/div>\n\t\t\t\t<div class=\"elementor-column elementor-col-50 elementor-top-column elementor-element elementor-element-003cbef\" data-id=\"003cbef\" data-element_type=\"column\" data-e-type=\"column\">\n\t\t\t<div class=\"elementor-widget-wrap elementor-element-populated\">\n\t\t\t\t\t\t<div class=\"elementor-element elementor-element-1956335 elementor-widget elementor-widget-image\" data-id=\"1956335\" data-element_type=\"widget\" data-e-type=\"widget\" data-widget_type=\"image.default\">\n\t\t\t\t<div class=\"elementor-widget-container\">\n\t\t\t\t\t\t\t\t\t\t\t\t\t\t\t<img decoding=\"async\" width=\"646\" height=\"359\" src=\"https:\/\/giterelaislacroixblanche.fr\/wp-content\/uploads\/2021\/06\/saint-lo.jpg\" class=\"attachment-large size-large wp-image-154\" alt=\"saint l\u00f4 vacances en Normandie\" srcset=\"https:\/\/giterelaislacroixblanche.fr\/wp-content\/uploads\/2021\/06\/saint-lo.jpg 646w, https:\/\/giterelaislacroixblanche.fr\/wp-content\/uploads\/2021\/06\/saint-lo-300x167.jpg 300w\" sizes=\"(max-width: 646px) 100vw, 646px\" \/>\t\t\t\t\t\t\t\t\t\t\t\t\t\t\t<\/div>\n\t\t\t\t<\/div>\n\t\t\t\t\t<\/div>\n\t\t<\/div>\n\t\t\t\t\t<\/div>\n\t\t<\/section>\n\t\t\t\t<section class=\"elementor-section elementor-top-section elementor-element elementor-element-0f75830 elementor-section-boxed elementor-section-height-default elementor-section-height-default\" data-id=\"0f75830\" data-element_type=\"section\" data-e-type=\"section\">\n\t\t\t\t\t\t<div class=\"elementor-container elementor-column-gap-default\">\n\t\t\t\t\t<div class=\"elementor-column elementor-col-100 elementor-top-column elementor-element elementor-element-7951e0b\" data-id=\"7951e0b\" data-element_type=\"column\" data-e-type=\"column\">\n\t\t\t<div class=\"elementor-widget-wrap elementor-element-populated\">\n\t\t\t\t\t\t<div class=\"elementor-element elementor-element-24a3aaa elementor-widget elementor-widget-text-editor\" data-id=\"24a3aaa\" data-element_type=\"widget\" data-e-type=\"widget\" data-widget_type=\"text-editor.default\">\n\t\t\t\t<div class=\"elementor-widget-container\">\n\t\t\t\t\t\t\t\t\t<p>Saint Germain d&rsquo;Elle est \u00e0 proximit\u00e9 (8 minutes) du bourg de Cerisy-la-For\u00eat, vous pourrez y visiter <a href=\"https:\/\/www.abbaye-cerisy.fr\/\" target=\"_blank\" rel=\"noopener\">son abbaye<\/a>, et apercevoir en vous promenant dans <a href=\"https:\/\/www.reserves-naturelles.org\/foret-domaniale-de-cerisy\" target=\"_blank\" rel=\"noopener\">la\u00a0for\u00eat de Cerisy<\/a> le <a href=\"https:\/\/fr.wikipedia.org\/wiki\/Ch%C3%A2teau_de_la_Boulaye\" target=\"_blank\" rel=\"noopener\">ch\u00e2teau de la Boulaye<\/a><\/p><p>Vous pourrez poursuivre votre p\u00e9riple en allant jusqu&rsquo;\u00e0 <a href=\"https:\/\/bayeux-bessin-tourisme.com\/\" target=\"_blank\" rel=\"noopener\">Bayeux<\/a>, (\u00e0 30 minutes du Relais) et pr\u00e9voir pour une journ\u00e9e en famille ou entre amis, au <a href=\"https:\/\/bayeux-aventure.fr\/?gclid=CjwKCAjw8cCGBhB6EiwAgORey0k6xI7s3R3IbUavJyR0u3xzV2SKmLh_Hvy5iOW2k9Hno01s7W70KhoCsY4QAvD_BwE\" target=\"_blank\" rel=\"noopener\">parc de loisir Bayeux Aventure<\/a><\/p><p>Mais vous pouvez \u00e9galement passer une journ\u00e9e sur <a href=\"https:\/\/www.detoursenfrance.fr\/patrimoine\/destinations\/que-faire-a-caen-10-activites-incontournables-6003\" target=\"_blank\" rel=\"noopener\">Caen<\/a>, Capitale du Calvados, situ\u00e9e \u00e0 40 minutes du Relais.\u00a0<\/p><p>A moins que&#8230; Vous ne pr\u00e9f\u00e9riez visiter <a href=\"https:\/\/www.detoursenfrance.fr\/patrimoine\/destinations\/que-faire-a-cherbourg-les-10-activites-incontournables-7561\" target=\"_blank\" rel=\"noopener\">Cherbourg<\/a> (\u00e0 1 heure du Relais) ?\u00a0<\/p><p>Il y a milles et une possibilit\u00e9s de vivre son s\u00e9jour&#8230; Explorer le <a href=\"https:\/\/www.encotentin.fr\/\" target=\"_blank\" rel=\"noopener\">Cotentin<\/a> ? Voir et revoir <a href=\"https:\/\/generationvoyage.fr\/visiter-plages-debarquement-normandie\/\" target=\"_blank\" rel=\"noopener\">Les Plages du D\u00e9barquement<\/a>&#8230;\u00a0<\/p><p>La Normandie est trop riche de lieux \u00e0 d\u00e9couvrir ou \u00e0 revoir, pour que vous n&rsquo;y reveniez pas !<\/p>\t\t\t\t\t\t\t\t<\/div>\n\t\t\t\t<\/div>\n\t\t\t\t\t<\/div>\n\t\t<\/div>\n\t\t\t\t\t<\/div>\n\t\t<\/section>\n\t\t\t\t<\/div>\n\t\t","protected":false},"excerpt":{"rendered":"<p>Le Relais de la Croix Blanche est situ\u00e9 sur la commune de Saint Germain d&rsquo;Elle, village au coeur de la Normandie. Cette commune rurale a \u00e9t\u00e9 la sc\u00e8ne de violents affrontements en juin et juillet 1944, entre les troupes allemandes et am\u00e9ricaines. Plusieurs b\u00e2timents ont \u00e9t\u00e9 d\u00e9truits ou endommag\u00e9s, dont le Relais.\u00a0 Le\u00a014 mai 2009, [&hellip;]<\/p>\n","protected":false},"author":1,"featured_media":0,"parent":0,"menu_order":0,"comment_status":"closed","ping_status":"closed","template":"","meta":{"ocean_post_layout":"","ocean_both_sidebars_style":"","ocean_both_sidebars_content_width":0,"ocean_both_sidebars_sidebars_width":0,"ocean_sidebar":"0","ocean_second_sidebar":"0","ocean_disable_margins":"enable","ocean_add_body_class":"","ocean_shortcode_before_top_bar":"","ocean_shortcode_after_top_bar":"","ocean_shortcode_before_header":"","ocean_shortcode_after_header":"","ocean_has_shortcode":"","ocean_shortcode_after_title":"","ocean_shortcode_before_footer_widgets":"","ocean_shortcode_after_footer_widgets":"","ocean_shortcode_before_footer_bottom":"","ocean_shortcode_after_footer_bottom":"","ocean_display_top_bar":"default","ocean_display_header":"default","ocean_header_style":"","ocean_center_header_left_menu":"0","ocean_custom_header_template":"0","ocean_custom_logo":0,"ocean_custom_retina_logo":0,"ocean_custom_logo_max_width":0,"ocean_custom_logo_tablet_max_width":0,"ocean_custom_logo_mobile_max_width":0,"ocean_custom_logo_max_height":0,"ocean_custom_logo_tablet_max_height":0,"ocean_custom_logo_mobile_max_height":0,"ocean_header_custom_menu":"0","ocean_menu_typo_font_family":"0","ocean_menu_typo_font_subset":"","ocean_menu_typo_font_size":0,"ocean_menu_typo_font_size_tablet":0,"ocean_menu_typo_font_size_mobile":0,"ocean_menu_typo_font_size_unit":"px","ocean_menu_typo_font_weight":"","ocean_menu_typo_font_weight_tablet":"","ocean_menu_typo_font_weight_mobile":"","ocean_menu_typo_transform":"","ocean_menu_typo_transform_tablet":"","ocean_menu_typo_transform_mobile":"","ocean_menu_typo_line_height":0,"ocean_menu_typo_line_height_tablet":0,"ocean_menu_typo_line_height_mobile":0,"ocean_menu_typo_line_height_unit":"","ocean_menu_typo_spacing":0,"ocean_menu_typo_spacing_tablet":0,"ocean_menu_typo_spacing_mobile":0,"ocean_menu_typo_spacing_unit":"","ocean_menu_link_color":"","ocean_menu_link_color_hover":"","ocean_menu_link_color_active":"","ocean_menu_link_background":"","ocean_menu_link_hover_background":"","ocean_menu_link_active_background":"","ocean_menu_social_links_bg":"","ocean_menu_social_hover_links_bg":"","ocean_menu_social_links_color":"","ocean_menu_social_hover_links_color":"","ocean_disable_title":"default","ocean_disable_heading":"default","ocean_post_title":"","ocean_post_subheading":"","ocean_post_title_style":"","ocean_post_title_background_color":"","ocean_post_title_background":0,"ocean_post_title_bg_image_position":"","ocean_post_title_bg_image_attachment":"","ocean_post_title_bg_image_repeat":"","ocean_post_title_bg_image_size":"","ocean_post_title_height":0,"ocean_post_title_bg_overlay":0.5,"ocean_post_title_bg_overlay_color":"","ocean_disable_breadcrumbs":"default","ocean_breadcrumbs_color":"","ocean_breadcrumbs_separator_color":"","ocean_breadcrumbs_links_color":"","ocean_breadcrumbs_links_hover_color":"","ocean_display_footer_widgets":"default","ocean_display_footer_bottom":"default","ocean_custom_footer_template":"0","footnotes":""},"class_list":["post-150","page","type-page","status-publish","hentry","entry"],"yoast_head":"<!-- This site is optimized with the Yoast SEO plugin v26.8 - https:\/\/yoast.com\/product\/yoast-seo-wordpress\/ -->\n<title>Aux alentours - G\u00eete Le Relais de la Croix Blanche<\/title>\n<meta name=\"robots\" content=\"index, follow, max-snippet:-1, max-image-preview:large, max-video-preview:-1\" \/>\n<link rel=\"canonical\" href=\"https:\/\/giterelaislacroixblanche.fr\/index.php\/descriptif\/\" \/>\n<meta property=\"og:locale\" content=\"fr_FR\" \/>\n<meta property=\"og:type\" content=\"article\" \/>\n<meta property=\"og:title\" content=\"Aux alentours - G\u00eete Le Relais de la Croix Blanche\" \/>\n<meta property=\"og:description\" content=\"Le Relais de la Croix Blanche est situ\u00e9 sur la commune de Saint Germain d&rsquo;Elle, village au coeur de la Normandie. Cette commune rurale a \u00e9t\u00e9 la sc\u00e8ne de violents affrontements en juin et juillet 1944, entre les troupes allemandes et am\u00e9ricaines. Plusieurs b\u00e2timents ont \u00e9t\u00e9 d\u00e9truits ou endommag\u00e9s, dont le Relais.\u00a0 Le\u00a014 mai 2009, [&hellip;]\" \/>\n<meta property=\"og:url\" content=\"https:\/\/giterelaislacroixblanche.fr\/index.php\/descriptif\/\" \/>\n<meta property=\"og:site_name\" content=\"G\u00eete Le Relais de la Croix Blanche\" \/>\n<meta property=\"article:modified_time\" content=\"2021-07-06T15:44:49+00:00\" \/>\n<meta property=\"og:image\" content=\"http:\/\/giterelaislacroixblanche.fr\/wp-content\/uploads\/2021\/06\/Saint-Germain-dElle-1024x424.jpg\" \/>\n<meta name=\"twitter:card\" content=\"summary_large_image\" \/>\n<meta name=\"twitter:label1\" content=\"Dur\u00e9e de lecture estim\u00e9e\" \/>\n\t<meta name=\"twitter:data1\" content=\"1 minute\" \/>\n<script type=\"application\/ld+json\" class=\"yoast-schema-graph\">{\"@context\":\"https:\/\/schema.org\",\"@graph\":[{\"@type\":\"WebPage\",\"@id\":\"https:\/\/giterelaislacroixblanche.fr\/index.php\/descriptif\/\",\"url\":\"https:\/\/giterelaislacroixblanche.fr\/index.php\/descriptif\/\",\"name\":\"Aux alentours - G\u00eete Le Relais de la Croix Blanche\",\"isPartOf\":{\"@id\":\"https:\/\/giterelaislacroixblanche.fr\/#website\"},\"primaryImageOfPage\":{\"@id\":\"https:\/\/giterelaislacroixblanche.fr\/index.php\/descriptif\/#primaryimage\"},\"image\":{\"@id\":\"https:\/\/giterelaislacroixblanche.fr\/index.php\/descriptif\/#primaryimage\"},\"thumbnailUrl\":\"http:\/\/giterelaislacroixblanche.fr\/wp-content\/uploads\/2021\/06\/Saint-Germain-dElle-1024x424.jpg\",\"datePublished\":\"2021-06-21T08:18:48+00:00\",\"dateModified\":\"2021-07-06T15:44:49+00:00\",\"breadcrumb\":{\"@id\":\"https:\/\/giterelaislacroixblanche.fr\/index.php\/descriptif\/#breadcrumb\"},\"inLanguage\":\"fr-FR\",\"potentialAction\":[{\"@type\":\"ReadAction\",\"target\":[\"https:\/\/giterelaislacroixblanche.fr\/index.php\/descriptif\/\"]}]},{\"@type\":\"ImageObject\",\"inLanguage\":\"fr-FR\",\"@id\":\"https:\/\/giterelaislacroixblanche.fr\/index.php\/descriptif\/#primaryimage\",\"url\":\"https:\/\/giterelaislacroixblanche.fr\/wp-content\/uploads\/2021\/06\/Saint-Germain-dElle.jpg\",\"contentUrl\":\"https:\/\/giterelaislacroixblanche.fr\/wp-content\/uploads\/2021\/06\/Saint-Germain-dElle.jpg\",\"width\":1430,\"height\":592,\"caption\":\"saint germain d'elle vacances en Normandie \u00e0 la campagne plages du d\u00e9barquement location saisonni\u00e8re\"},{\"@type\":\"BreadcrumbList\",\"@id\":\"https:\/\/giterelaislacroixblanche.fr\/index.php\/descriptif\/#breadcrumb\",\"itemListElement\":[{\"@type\":\"ListItem\",\"position\":1,\"name\":\"Accueil\",\"item\":\"https:\/\/giterelaislacroixblanche.fr\/\"},{\"@type\":\"ListItem\",\"position\":2,\"name\":\"Aux alentours\"}]},{\"@type\":\"WebSite\",\"@id\":\"https:\/\/giterelaislacroixblanche.fr\/#website\",\"url\":\"https:\/\/giterelaislacroixblanche.fr\/\",\"name\":\"G\u00eete Le Relais de la Croix Blanche\",\"description\":\"S\u00e9jours en Normandie\",\"publisher\":{\"@id\":\"https:\/\/giterelaislacroixblanche.fr\/#\/schema\/person\/73707193046225926a13feedf8dcaed1\"},\"potentialAction\":[{\"@type\":\"SearchAction\",\"target\":{\"@type\":\"EntryPoint\",\"urlTemplate\":\"https:\/\/giterelaislacroixblanche.fr\/?s={search_term_string}\"},\"query-input\":{\"@type\":\"PropertyValueSpecification\",\"valueRequired\":true,\"valueName\":\"search_term_string\"}}],\"inLanguage\":\"fr-FR\"},{\"@type\":[\"Person\",\"Organization\"],\"@id\":\"https:\/\/giterelaislacroixblanche.fr\/#\/schema\/person\/73707193046225926a13feedf8dcaed1\",\"name\":\"admin3672\",\"image\":{\"@type\":\"ImageObject\",\"inLanguage\":\"fr-FR\",\"@id\":\"https:\/\/giterelaislacroixblanche.fr\/#\/schema\/person\/image\/\",\"url\":\"https:\/\/secure.gravatar.com\/avatar\/d31b16a8808e14da55e5e521be47f33b?s=96&d=mm&r=g\",\"contentUrl\":\"https:\/\/secure.gravatar.com\/avatar\/d31b16a8808e14da55e5e521be47f33b?s=96&d=mm&r=g\",\"caption\":\"admin3672\"},\"logo\":{\"@id\":\"https:\/\/giterelaislacroixblanche.fr\/#\/schema\/person\/image\/\"},\"sameAs\":[\"http:\/\/giterelaislacroixblanche.fr\"]}]}<\/script>\n<!-- \/ Yoast SEO plugin. -->","yoast_head_json":{"title":"Aux alentours - G\u00eete Le Relais de la Croix Blanche","robots":{"index":"index","follow":"follow","max-snippet":"max-snippet:-1","max-image-preview":"max-image-preview:large","max-video-preview":"max-video-preview:-1"},"canonical":"https:\/\/giterelaislacroixblanche.fr\/index.php\/descriptif\/","og_locale":"fr_FR","og_type":"article","og_title":"Aux alentours - G\u00eete Le Relais de la Croix Blanche","og_description":"Le Relais de la Croix Blanche est situ\u00e9 sur la commune de Saint Germain d&rsquo;Elle, village au coeur de la Normandie. Cette commune rurale a \u00e9t\u00e9 la sc\u00e8ne de violents affrontements en juin et juillet 1944, entre les troupes allemandes et am\u00e9ricaines. Plusieurs b\u00e2timents ont \u00e9t\u00e9 d\u00e9truits ou endommag\u00e9s, dont le Relais.\u00a0 Le\u00a014 mai 2009, [&hellip;]","og_url":"https:\/\/giterelaislacroixblanche.fr\/index.php\/descriptif\/","og_site_name":"G\u00eete Le Relais de la Croix Blanche","article_modified_time":"2021-07-06T15:44:49+00:00","og_image":[{"url":"http:\/\/giterelaislacroixblanche.fr\/wp-content\/uploads\/2021\/06\/Saint-Germain-dElle-1024x424.jpg","type":"","width":"","height":""}],"twitter_card":"summary_large_image","twitter_misc":{"Dur\u00e9e de lecture estim\u00e9e":"1 minute"},"schema":{"@context":"https:\/\/schema.org","@graph":[{"@type":"WebPage","@id":"https:\/\/giterelaislacroixblanche.fr\/index.php\/descriptif\/","url":"https:\/\/giterelaislacroixblanche.fr\/index.php\/descriptif\/","name":"Aux alentours - G\u00eete Le Relais de la Croix Blanche","isPartOf":{"@id":"https:\/\/giterelaislacroixblanche.fr\/#website"},"primaryImageOfPage":{"@id":"https:\/\/giterelaislacroixblanche.fr\/index.php\/descriptif\/#primaryimage"},"image":{"@id":"https:\/\/giterelaislacroixblanche.fr\/index.php\/descriptif\/#primaryimage"},"thumbnailUrl":"http:\/\/giterelaislacroixblanche.fr\/wp-content\/uploads\/2021\/06\/Saint-Germain-dElle-1024x424.jpg","datePublished":"2021-06-21T08:18:48+00:00","dateModified":"2021-07-06T15:44:49+00:00","breadcrumb":{"@id":"https:\/\/giterelaislacroixblanche.fr\/index.php\/descriptif\/#breadcrumb"},"inLanguage":"fr-FR","potentialAction":[{"@type":"ReadAction","target":["https:\/\/giterelaislacroixblanche.fr\/index.php\/descriptif\/"]}]},{"@type":"ImageObject","inLanguage":"fr-FR","@id":"https:\/\/giterelaislacroixblanche.fr\/index.php\/descriptif\/#primaryimage","url":"https:\/\/giterelaislacroixblanche.fr\/wp-content\/uploads\/2021\/06\/Saint-Germain-dElle.jpg","contentUrl":"https:\/\/giterelaislacroixblanche.fr\/wp-content\/uploads\/2021\/06\/Saint-Germain-dElle.jpg","width":1430,"height":592,"caption":"saint germain d'elle vacances en Normandie \u00e0 la campagne plages du d\u00e9barquement location saisonni\u00e8re"},{"@type":"BreadcrumbList","@id":"https:\/\/giterelaislacroixblanche.fr\/index.php\/descriptif\/#breadcrumb","itemListElement":[{"@type":"ListItem","position":1,"name":"Accueil","item":"https:\/\/giterelaislacroixblanche.fr\/"},{"@type":"ListItem","position":2,"name":"Aux alentours"}]},{"@type":"WebSite","@id":"https:\/\/giterelaislacroixblanche.fr\/#website","url":"https:\/\/giterelaislacroixblanche.fr\/","name":"G\u00eete Le Relais de la Croix Blanche","description":"S\u00e9jours en Normandie","publisher":{"@id":"https:\/\/giterelaislacroixblanche.fr\/#\/schema\/person\/73707193046225926a13feedf8dcaed1"},"potentialAction":[{"@type":"SearchAction","target":{"@type":"EntryPoint","urlTemplate":"https:\/\/giterelaislacroixblanche.fr\/?s={search_term_string}"},"query-input":{"@type":"PropertyValueSpecification","valueRequired":true,"valueName":"search_term_string"}}],"inLanguage":"fr-FR"},{"@type":["Person","Organization"],"@id":"https:\/\/giterelaislacroixblanche.fr\/#\/schema\/person\/73707193046225926a13feedf8dcaed1","name":"admin3672","image":{"@type":"ImageObject","inLanguage":"fr-FR","@id":"https:\/\/giterelaislacroixblanche.fr\/#\/schema\/person\/image\/","url":"https:\/\/secure.gravatar.com\/avatar\/d31b16a8808e14da55e5e521be47f33b?s=96&d=mm&r=g","contentUrl":"https:\/\/secure.gravatar.com\/avatar\/d31b16a8808e14da55e5e521be47f33b?s=96&d=mm&r=g","caption":"admin3672"},"logo":{"@id":"https:\/\/giterelaislacroixblanche.fr\/#\/schema\/person\/image\/"},"sameAs":["http:\/\/giterelaislacroixblanche.fr"]}]}},"_links":{"self":[{"href":"https:\/\/giterelaislacroixblanche.fr\/index.php\/wp-json\/wp\/v2\/pages\/150","targetHints":{"allow":["GET"]}}],"collection":[{"href":"https:\/\/giterelaislacroixblanche.fr\/index.php\/wp-json\/wp\/v2\/pages"}],"about":[{"href":"https:\/\/giterelaislacroixblanche.fr\/index.php\/wp-json\/wp\/v2\/types\/page"}],"author":[{"embeddable":true,"href":"https:\/\/giterelaislacroixblanche.fr\/index.php\/wp-json\/wp\/v2\/users\/1"}],"replies":[{"embeddable":true,"href":"https:\/\/giterelaislacroixblanche.fr\/index.php\/wp-json\/wp\/v2\/comments?post=150"}],"version-history":[{"count":17,"href":"https:\/\/giterelaislacroixblanche.fr\/index.php\/wp-json\/wp\/v2\/pages\/150\/revisions"}],"predecessor-version":[{"id":318,"href":"https:\/\/giterelaislacroixblanche.fr\/index.php\/wp-json\/wp\/v2\/pages\/150\/revisions\/318"}],"wp:attachment":[{"href":"https:\/\/giterelaislacroixblanche.fr\/index.php\/wp-json\/wp\/v2\/media?parent=150"}],"curies":[{"name":"wp","href":"https:\/\/api.w.org\/{rel}","templated":true}]}}